ime number?
False
Let r be 426/9 - 12/9. Suppose r*v = 49*v - 6285. Is v a composite number?
True
Suppose -71*h = -11*h - 941100. Is h a composite number?
True
Let t(n) = -n**2 - 3*n + 7. Let y be t(-4). Suppose p - 1036 = y*p - c, 3*p - 4*c + 1549 = 0. Let q = p - -1714. Is q composite?
True
Let t = 2781 - -7922. Let p = t + -5370. Is p a prime number?
True
Let i(g) = -13432*g - 623. Is i(-3) composite?
True
Let d = 1926 - 1179. Let a = 726 + d. Suppose -a = -3*u + 1113. Is u a composite number?
True
Suppose -5*m = 5*k - 25, -2*m - 7 = k - 12. Is (-163680)/(-25) + 0 + (-1)/k a prime number?
True
Let x(u) = 11663*u + 5669. Is x(54) a composite number?
False
Suppose 3*s = -2*q + 255, 2*s - 4*s = -5*q - 189. Let u = 89 - s. Suppose 2*a - 1910 = -0*w - u*w, 4*a - w - 3820 = 0. Is a prime?
False
Let v(d) = -2*d**2 + 10*d - 6. Let s(k) = -k**2. Let f(r) = -s(r) + v(r). Let w be f(9). Suppose w*z = -4*q + 1177, -q + 3*q = -4*z + 1566. Is z a prime number?
False
Suppose 3*w - 268 - 1903 = -4*u, -3*u + 1624 = -2*w. Suppose 0 = -u*s + 544*s - 10018. Is s a composite number?
False
Let c(b) = 2*b - 5 + 281*b**3 + 347*b**3 - 58*b**2 - 93*b**3 + 55*b**2. Is c(3) prime?
True
Let l be -11 + (-4)/2 + (31 - 27). Let q(d) = -d**2 - 18*d + 2. Is q(l) a prime number?
True
Suppose -h = -29 + 31. Let p be (171/(-36))/(h/(-344)). Let g = 1514 + p. Is g a prime number?
False
Let w be 6 - (6 + -4 - -1). Suppose w*l - 2*t - 1647 = -5*t, 4*t - 2749 = -5*l. Is l a composite number?
True
Let a(f) = 157*f**2 + 9*f - 6. Let k be a(-5). Suppose 3*p + 2*g + 17438 = k, -2*p - g = 9042. Let l = 10077 + p. Is l a prime number?
True
Suppose -6*a + 2*s + 741 = -a, 2*a = -3*s + 304. Let v = a + -98. Let n = v + 188. Is n a composite number?
False
Suppose 0 = -2*g - g + 4*t + 7, -5*t = 4*g - 30. Suppose 3356 = a - g*a. Let j = -354 - a. Is j a composite number?
True
Let u be 4 - ((-12)/(-3) - 0). Suppose 4*h - 28*h + 49080 = u. Is h a composite number?
True
Is (-32)/4 + 132204 - (42/(-6) - -4) a composite number?
False
Is 15700/6 + (-44)/(-132) composite?
False
Suppose 4*u + 308374 = 26*u. Suppose -4*p + u = -g, -6*g = -3*p - 4*g + 10509. Is p a composite number?
True
Suppose 11249*y - 413426 = 11223*y. Is y a composite number?
False
Let p(g) = -2627*g + 1577. Is p(-22) a prime number?
False
Let l(g) = 4*g**3 + 25*g**2 + 37*g - 50. Let p(r) = -3*r**3 - 17*r**2 - 25*r + 33. Let u(m) = 5*l(m) + 7*p(m). Is u(3) a prime number?
False
Let p = 1840003 - 500842. Is p composite?
True
Suppose 0 = 48*p - 75*p - 19818. Is -34*p*(-1)/(-4) prime?
False
Let j(v) = -93*v + 85. Let r be j(-17). Suppose 26*z + r = 11520. Is z composite?
False
Let o(d) = -57*d - 162. Let u be o(-4). Is (1 - (-4869)/2) + (-33)/u composite?
True
Let d = 74344 - 25898. Is d prime?
False
Let m be (-14)/(-42) - 10/(-6). Let g be 84/(-7)*(-1)/((-3)/m). Is (3 + (-28)/g)*(0 + 106) a prime number?
False
Suppose -c - 16 = -28. Suppose -5*j - c = 2*s, 0 = -s - 4*s + 5*j + 5. Is s + 705 - (1 + 0) composite?
True
Let i be 4 - (2*3/2 - 5). Let s be (100/60)/(2/i). Suppose s*y = 110 + 305. Is y a prime number?
True
Let a(k) = 2*k**2 - 6*k + 26. Let g be (-2 - -12) + 2 + (0 - 3). Let t be a(g). Suppose u - 481 = -t. Is u a composite number?
False
Suppose 10*z + 4 = 9*z. Let u(v) = -v**3 - 5*v**2 - 4*v + 3. Let o be u(z). Suppose -2417 = 3*t - 4*t + 4*m, o*t + 2*m = 7321. Is t prime?
True
Suppose 3*f - 2*s = 248265, 0 = 2*f + 3*s + s - 165526. Is f composite?
False
Let s = 558235 + -315348. Is s a composite number?
False
Let v(o) = -97245*o + 1336. Is v(-3) a prime number?
True
Let t(j) = 1033*j + 57. Let s be t(15). Suppose -5*a + s = 1757. Is a prime?
False
Let f(v) be the third derivative of -v**4/12 + 10*v**3/3 - 7*v**2. Let d be f(9). Suppose 4*q = d*w + 766, 572 = 4*q - q + w. Is q prime?
True
Let b(d) = -d**2 - 43*d + 39407. Is b(0) a prime number?
False
Is (3/(15/128438))/(4576/(-160) - -29) a composite number?
True
Let q be 16/(-152) - 624/(-152). Let z(k) = -234*k + 6. Let g be z(-5). Suppose g - 172 = q*l. Is l composite?
False
Suppose 5*t + 14 = 2*v, -2*v - 4 = v + 5*t. Suppose -d = -3*o + o + 143, d = -v*o + 153. Is o*(118/36 - 2/(-9)) a prime number?
False
Let t be (2/5)/(12/30) - -3. Suppose -m - 171 = -t*m. Suppose -5*g - m = -222. Is g prime?
False
Let v(d) = d**2 - 24*d - 15. Let f be v(21). Let s = f - -83. Suppose 0*x - s*h - 784 = -x, -5*x + 3890 = 5*h. Is x a prime number?
False
Let s = 261942 + -176281. Is s a prime number?
True
Let t = 435 + -430. Suppose -t*h - 6768 = -2*i, -i = -5*h + 6*h - 3391. Is i a prime number?
True
Let m = 13016 - -21405. Is m composite?
False
Suppose 3*i = -s + 988, -3*i + 237 = 4*s - 763. Suppose 2*z = 5*f - 53, -2*f + 4*z = -5 - 13. Suppose -f*v + 7*v = -i. Is v prime?
False
Let l = 90048 - -359873. Is l composite?
False
Suppose -1548*f + 1815*f - 68894277 = 0. Is f a composite number?
False
Let t(z) = 3*z**3 + 8*z**2 - 4*z - 3. Let w be t(-3). Suppose w = -15*b + b + 56. Suppose 4457 = b*s + 109. Is s composite?
False
Let k be (0 + -378)*(0 + 22/33). Let a(f) = 72*f + 2. Let t be a(2). Let h = t - k. Is h prime?
False
Suppose 0 = -4*c + 2528 + 10440. Suppose -4*s + c + 338 = 0. Suppose -q = -o + s - 9, 0 = -q + 3. Is o composite?
True
Let v(b) be the third derivative of -b**6/120 + 11*b**5/30 - b**4/24 - 6*b**3 + 25*b**2. Let d be v(15). Suppose -28*g + d = -24*g. Is g prime?
False
Let f = -761 + 406. Let h = -1251 + 747. Let u = f - h. Is u composite?
False
Suppose d = -u + 7530, -18*d = -23*d - 2*u + 37653. Is d a composite number?
True
Let v be 2/3*(487 - -8). Let o = v - 169. Is o a prime number?
False
Suppose 13*u - 11255 = -5*o + 8*u, 0 = -4*u. Let h = o - 234. Is h a prime number?
True
Let i be -10 + -1 + 12 - (-1 - -2). Is 2516 - (i/(-5) + -5) composite?
False
Is 1160/21*6 + (-60)/140 a prime number?
True
Let o = -383 + 697. Suppose 3*d - o = 5*d. Let k = d + 636. Is k a composite number?
False
Is (-3)/(-2)*(12366536/6)/26 a composite number?
True
Suppose 4*o + 56 = 5*i - 4*i, 177 = 2*i + 5*o. Let f = i + -125. Let w = f + 300. Is w a prime number?
True
Let q(j) = 238130*j**3 - 4*j**2 - j + 4. Is q(1) a prime number?
False
Let s(m) be the third derivative of -m**6/60 + m**5/60 - m**4/12 - 3*m**3/2 + 34*m**2. Let z be s(-7). Let d = z - -31. Is d a composite number?
True
Let g = 3742 - 2003. Is g composite?
True
Let j(u) = -u**3 + 37*u**2 - 38*u + 86. Let w be j(36). Suppose -w*y + 82035 = y. Is y composite?
True
Let u(s) = -s**3 - s**2 + 36*s - 53. Let w be u(-17). Let l = 90 + w. Is l a prime number?
True
Let t = -1315 - -4251. Suppose 0 = -4*q - 20, i - 7*q + 10*q = t. Is i prime?
False
Let k(b) = -b**3 + 10*b**2 + 16*b + 10. Let j be k(-6). Let w = j + 3153. Is w a composite number?
False
Is (-186 + 10)/(-16) - -843432 a prime number?
True
Let g = -7433 - -12344. Let d = g + -2144. Is d a prime number?
True
Let w = -278531 + 1130164. Is w a composite number?
False
Let r(a) = -a**2 + 9*a + 23. Let w be r(10). Suppose -41634 = -w*l + 15007. Is l composite?
False
Let i be (-18)/(((-16)/52)/2). Suppose 0 = 13*u - i - 13. Is (u + -1159)*2/(-2) prime?
False
Suppose 2*d - 6*d = 80. Let n = d - -25. Suppose 1 = -n*k + 396. Is k composite?
False
Let a(g) = -4*g + 32. Let o be a(8). Suppose o = 12*c + 3866 - 758. Let w = c + 1644. Is w a prime number?
False
Let h(b) = 3*b**2 + 297*b - 103. Is h(92) a prime number?
False
Is (-2)/5 - ((-5422252)/55 - 8) a composite number?
True
Suppose 4*y - 610 = 4*l + l, -2*y + 294 = 3*l. Suppose -145*w = -y*w + 8555. Is w prime?
False
Let a = -733111 + 1281550. Is a a composite number?
True
Suppose -4*j = s - 2053358, 9*s + s = j - 513401. Is j composite?
False
Let r(s) = -s**2 - 15*s - 6. Let x be r(-14). Let y = -44 - -42. Is (4/x)/((-2)/15208*y) prime?
True
Let o = -842808 - -1718819. Is o a prime number?
True
Let d(o) = 2221*o**2 + 86*o + 322. Is d(-11) a prime number?
False
Let k(o) = 1175*o - 438. Is k(5) a composite number?
False
Let v = 38 - 24. Suppose 4*x = 4*d + 28, 2*d + v = x - 5. Is -67*3*4/d a composite number?
False
Is (-17 + 176/11)/(2/(-595558)) prime?
True
Let v be 5 + 1 + -1 + 0. Let f(m) = 53*m + 1 - 3 + 86*m - 3 - 5. Is f(v) a prime number?
False
Let k be 12/5*(-1 - -3 - -2498). Suppose -4*o + 29255 - k = -3*w, 3*o - 2